2 + 16*o - 24. What are the prime factors of n(13)?
3, 5
Let b be 6 + (0 - (-3 - -1)). Let i = b + -6. List the prime factors of i.
2
Let b(g) = g**2 + 4*g + 5. Let n be b(-4). Suppose 0*h = -n*h + 180. List the prime factors of h.
2, 3
What are the prime factors of (-62)/(-8)*(7 + -3)?
31
Let b(l) be the first derivative of l**4/4 + 2*l**3 + 3*l**2/2 + 5*l - 3. List the prime factors of b(-4).
5
Suppose -4*t + 2*s + 248 = 0, 3*s + 41 = t - 26. What are the prime factors of t?
61
Let o = 11 + -7. Suppose 7 + 5 = o*t. List the prime factors of t.
3
Let k be 14/(-10) - 4/(-10). Let q(w) = -25*w - 1. Let n be q(k). Let a = -17 + n. List the prime factors of a.
7
Suppose -200 = -4*n - 4*c, 5*c - 2*c = 3*n - 180. Suppose 8*h - 3*h - n = 0. Suppose 3*l = 22 + h. List the prime factors of l.
11
Let f(o) be the third derivative of o**5/20 - o**4/8 - o**3/3 + 6*o**2. What are the prime factors of f(-3)?
2, 17
Suppose l + 48 = r, -5*l - 87 = r - 3*r. Suppose -5*y + r = -9. List the prime factors of y.
2, 3
Let k(u) = -u**3 - 4*u**2 - u - 3. Let n be 0 + (-2 - (-2 - -3)). Let d be k(n). What are the prime factors of (-58)/(-8) - d/12?
2
Let o(g) = g**3 - 4*g**2 - 5*g + 2. Let f be o(5). Suppose -l - 3*z + 6 = 2*l, -l = f*z + 1. Suppose -l - 25 = -3*r. List the prime factors of r.
2, 5
Suppose -10 = 3*p + t + 17, p + 2*t = -4. Let m = p - -14. List the prime factors of m.
2
Suppose -k - 12 = -0*k. Let t be (-33)/k - 3/(-12). List the prime factors of (22/(-3))/((-2)/t).
11
Let o be (-3 + 0)*60/9. Let i be -3*(0 - o/(-6)). Let u = i - -3. List the prime factors of u.
13
Suppose 0*a = 6*a - 594. List the prime factors of a.
3, 11
Suppose 0 = -3*t - 3*y - 27, 0*t - 3*t - 2*y = 24. Let l be t*1*(-1)/2. Suppose 5*c - 42 = l*i, -i = -4*c + 1 + 34. List the prime factors of c.
3
Let u = 5 - 3. Let x(b) = -b - b + 0*b + 2 - 5*b + b**u. What are the prime factors of x(9)?
2, 5
Let r(o) = -o**2 - 8*o - 8. Let w(k) = k - 2. Let i be -4 - 0*3/6. Let f be w(i). List the prime factors of r(f).
2
Let p = 58 + 1. List the prime factors of p.
59
Let q = 38 + -19. Let g(k) = k**2 + k + 1. Let w be g(5). Let a = w - q. List the prime factors of a.
2, 3
Let b be -1 - (3 + (1 - 3)). Let t be (-30 - 0)*2/b. Let g = -21 + t. List the prime factors of g.
3
Let l(k) be the third derivative of k**5/30 - k**3/6 + k**2. Let p be l(1). What are the prime factors of (2 + p*-9)*-1?
7
Let o be (-2429)/(-42) - (-2)/12. Suppose -2*y - o = -2*g, -2*g = 4*y + y - 30. What are the prime factors of g?
5
Suppose -33*q - 816 = -45*q. What are the prime factors of q?
2, 17
Suppose -3 = -3*f, 2*z - 71 = -3*f + 8*f. What are the prime factors of z?
2, 19
Let c(l) = -l**3 + 8*l**2 + 6. Let b be c(8). List the prime factors of b/(2/4*2).
2, 3
Let r be 4/10 - (-608)/(-20). Let l = -17 - r. What are the prime factors of l?
13
Let l(n) = -2*n - 6. Suppose 0*g - 5*g = 40. What are the prime factors of l(g)?
2, 5
Let g = 6 + -7. Let w(d) = 5*d**2 + d. Let l be w(g). What are the prime factors of 22/(-4)*l/(-2)?
11
Let l = 45 + -5. List the prime factors of l.
2, 5
Let p be 190/70 + (-2)/(-7). Suppose 3*i - 2 = 4*d + p, 5*d = 5. Suppose 43 = m + 5*z, -m - 41 = -i*m - z. List the prime factors of m.
2, 3
Suppose p = 4*p - 99. What are the prime factors of p?
3, 11
Let l = 9 + -16. What are the prime factors of (-12)/l + (-2)/(-7)?
2
Let k(n) = -8*n - 3. Let y(x) = x. Let c be y(-2). What are the prime factors of k(c)?
13
Suppose c + 2*b = -0*c + 22, 4*c = -3*b + 108. List the prime factors of c.
2, 3, 5
Let s be 43 + (-1 - (0 + 0)). Suppose -l + 23 = 5*v, -101 = -5*l + 3*v + s. Suppose -l = -3*h - 1. What are the prime factors of h?
3
Let j = 22 - 3. Let k = j - 7. List the prime factors of k.
2, 3
Let p be ((-2)/4)/(2/(-16)). Let h be (-2)/8 - 3/p. List the prime factors of 7*-1*h + -1.
2, 3
Let i = 33 + 14. List the prime factors of i.
47
Let d(p) = p**2 + 7*p + 9. Let g be d(-6). Suppose -g = -2*b + 5. List the prime factors of b.
2
Let u be 2/3 + (-12)/(-9). Suppose -p - u*p + 6 = 0. List the prime factors of p.
2
Let q be 2 + (-3)/(0 + -3). Suppose -d = -q*d + 10. List the prime factors of d.
5
Let y(n) be the third derivative of 0 + 1/3*n**3 + 1/8*n**4 + 1/60*n**5 + 0*n + 2*n**2. What are the prime factors of y(-5)?
2, 3
Let j = 33 - 20. Let g be (2/(-6))/(2/(-114)). Let u = g - j. List the prime factors of u.
2, 3
Let w(s) = 0 + 5*s**2 - 5 - 4*s**2. What are the prime factors of w(4)?
11
Let o(v) = 14 + 2*v - 11 - 3*v. Let z be o(-10). Let s = z - 7. List the prime factors of s.
2, 3
Let v(n) = -5*n - 7. List the prime factors of v(-6).
23
Suppose -2*y = 2*y. Suppose -24 = -y*n - 3*n. List the prime factors of n.
2
Let v(r) = -r**2 + 5*r - 3. Let l be v(3). Suppose l*g - 26 = -200. List the prime factors of 2/(-7) + g/(-7).
2
Let d be 2*-1 + (-5)/(-10)*6. Suppose -b + 11 = 2*h, 1 - 12 = -b + 5*h. Let y = b + d. What are the prime factors of y?
2, 3
Let r = 7 + -5. Suppose -r*v + 5*k = -16, 44 = 6*v - 2*v - 4*k. List the prime factors of v.
13
Let a = 83 + -100. Let x be (-31)/4 + 2/(-8). Let s = x - a. List the prime factors of s.
3
Suppose -2*k + 10 = -0*k - 4*m, 4*m = -3*k + 15. What are the prime factors of k*5/((-25)/(-2))?
2
Let d(m) = -m**3 + 5*m**2 - 3*m + 2. Let g be d(4). Suppose -4*b = -g*b - 20. Let l(f) = -2*f - 12. List the prime factors of l(b).
2
Let x(l) = -4*l - 5. List the prime factors of x(-3).
7
Let n(o) be the first derivative of o**3/3 - o**2/2 - 3*o - 2. Suppose 5*x - 3*y = 3*x - 7, -3*y - 1 = -4*x. List the prime factors of n(x).
3
What are the prime factors of (-1)/(3/(-450)) + -5?
5, 29
Suppose -3*u - 4*w - 73 = w, 2*u - 5*w = -57. Let p = u - -13. Let b = -5 - p. List the prime factors of b.
2
Let a be (-4)/18 - (-2)/9. Let o = 5 + a. Let p = 1 + o. What are the prime factors of p?
2, 3
Suppose 4*l - 6 = -5*v, 2*l + 4 = 2*v - 2. Let u be v/4*(3 - -71). Suppose 0 = 5*a - u - 18. What are the prime factors of a?
11
Suppose -2*w = 2*w - 12. List the prime factors of w.
3
Let k = 5 + -5. Suppose r + k*r = 15. List the prime factors of r.
3, 5
Let y = -1 + -5. Let j(n) = n**3 + 6*n**2 - 3*n - 3. List the prime factors of j(y).
3, 5
Suppose 3*t = -0 + 18. List the prime factors of -2 + (t - (-6)/3).
2, 3
Let w = 30 + -47. Let h = 31 + w. What are the prime factors of h?
2, 7
What are the prime factors of (-88)/(-5) + 4/10?
2, 3
Suppose 0 = 2*d - j - 60, -2*d + 76 = d - 5*j. What are the prime factors of d?
2
Let u(d) = 7*d. Let o(v) = -v**2 + 3*v + 1. Let a be o(3). List the prime factors of u(a).
7
What are the prime factors of 1/((-4)/(-1264)*4)?
79
Let l = -251 - -366. List the prime factors of l.
5, 23
Let t(d) = d**3 + 4*d**2 - d + 5. What are the prime factors of t(-4)?
3
Let r = -4 + 7. Suppose -x - r = -33. Suppose -2*i + x = i. What are the prime factors of i?
2, 5
Let k(n) be the first derivative of n**4/4 + 2*n**3 + 3*n**2/2 + 2*n + 16. Suppose 4*d = 4*z + 40, 2*z - 4*z - 15 = -d. What are the prime factors of k(z)?
2, 3
Let c be 2/7 + 4/(-14). Suppose -54 = -c*v - 2*v. List the prime factors of v.
3
Let m(d) = -2*d**2 - 17*d - 16 + 0*d**2 + d**2. Let v be m(-12). Suppose -5*o + v = -o. What are the prime factors of o?
11
Let i(t) = t**3 - t + 1. Let o(g) = 5*g**3 + 5*g**2 - 7*g + 6. Let d(z) = 6*i(z) - o(z). Let w be d(4). What are the prime factors of (-152)/w*(-6)/(-4)?
19
Let y(s) = s**3 + s**2 + s + 25. Let w(t) = -2*t + 12. Let o be w(6). What are the prime factors of y(o)?
5
Let j(q) = 2*q + 9. Let l be j(9). Let f be ((-20)/(-15))/(1/3). Suppose 0 = -f*y + y + l. List the prime factors of y.
3
Suppose 0 = -3*c + 2*i + 94, 5*c + 2*i - 102 = c. List the prime factors of c.
2, 7
Let t be -1*3/6*0. Suppose 2*b + 50 = -5*z - t*b, 4*z + 22 = 2*b. List the prime factors of (6/z)/(1/(-4)).
3
Suppose 0 + 16 = 2*r. Suppose 5*k - k - 4 = -5*p, p - r = k. Suppose -9 = -g - p*n, 1 = -g + 4*n + 10. What are the prime factors of g?
3
Let x(h) = h. Let a(l) be the third derivative of -2*l**3/3 - 2*l**2. Let d(z) = -a(z) - x(z). List the prime factors of d(-4).
2
List the prime factors of (-11)/(-3) - 16/24.
3
Let c(p) = 11*p - 7. List the prime factors of c(5).
2, 3
Let m = 1 - 3. What are the prime factors of 60/8 + m/(-4)?
2
Suppose 2*f - 5*d - 29 = 0, 3*f + 7*d - 33 